 2. Give t(p).
14
Suppose -p + 4 = 1. Let d(w) = 0*w - 1 + 4*w + 2*w**3 - w - 3*w**p - 4*w**2. What is d(-5)?
9
Suppose 0 = 5*a - 25, -2*a + 17 = -2*l + 3*a. Suppose 2*p = -2*j - 4 + 2, -34 = l*p - 2*j. Let t(v) = -v**2 - 5*v + 1. Give t(p).
-5
Let y(r) = -2 - 3 - 7 + r**2 + 2 + 5*r. Determine y(-7).
4
Let h(n) = n**2 + 2*n - 5 + 6 + 3 - 3. Let s be 2/((-1 + 3)/4). Suppose -s*k - 3*w = -5*w - 2, -5*k + w = 5. Determine h(k).
1
Let k be 3/(-9) + (-20)/12. Let f(m) = 2*m**2 + 4*m - 1. Let o(i) = i**2 - i. Let c(h) = -f(h) - 3*o(h). Give c(k).
-17
Let r(m) = -m**2 - 5*m - 4. Let c be r(-4). Suppose c*j - s = -5*j + 5, 3*j = 3*s - 9. Suppose 4*g = j*g + 10. Let t(p) = p**2 - 4*p - 3. What is t(g)?
2
Let k(r) = 4*r**2 + 2*r. Suppose -16*b = -20*b - 8. What is k(b)?
12
Suppose -3*n + 2 = -5*f, -n - 4*n + 20 = 0. Let y(u) = 2*u - 1. Determine y(f).
3
Let l(g) = g**3 - 6*g**2 - 7*g + 4. Let t = 8 - -1. Let y = -2 + t. Give l(y).
4
Let l(j) = j - 2. Suppose -2*k = -6*k + 12. Suppose -8 = -k*y - y. What is l(y)?
0
Let j(p) = -2*p**2 + 6*p - 4. Let c(g) = -g**2 - 13*g + 18. Let y be c(-14). Calculate j(y).
-12
Let w(b) = -b**3 + 7*b**2 - 3*b + 8. Let q(r) = 3*r**3 - 15*r**2 + 5*r - 16. Let y(z) = -2*q(z) - 5*w(z). Calculate y(-6).
-2
Let d be (-6)/(18/(-15)) + -4. Let b(v) = -4*v**3. What is b(d)?
-4
Let h(o) = 2*o**2 + 5*o - 1. Suppose -2*b - 6 + 14 = 0. Suppose -5*z + 12 = -2*f - z, b*f + 12 = -4*z. Give h(f).
11
Let o(j) be the first derivative of j**4/4 + 2*j**3 + 3*j**2 + j - 2. Give o(-5).
-4
Let z(r) = -7*r + 1. Let t(s) = 4*s. Let u(y) = -5*t(y) - 3*z(y). Let c be (6/7)/(10/35). What is u(c)?
0
Let j(q) = q**2 - 7*q + 7. Suppose -2*w = -5*z + 29, -5*z - 1 = -4*z + 3*w. Give j(z).
-3
Let n = 11 + -12. Let z(f) = -9*f. Calculate z(n).
9
Let l(n) = n**3 + 7*n**2 + 5*n - 8. Let z(b) = -3*b**3 - 15*b**2 - 9*b + 17. Let w(x) = -5*l(x) - 2*z(x). Determine w(6).
0
Let x(u) be the third derivative of u**4/12 + 2*u**3 - 24*u**2. Calculate x(-9).
-6
Let d(s) = 0*s - 2*s - s**3 - 220*s**2 - 4 + 213*s**2. What is d(-7)?
10
Let j(l) be the second derivative of -l**7/280 + l**6/360 - l**4/24 - l**3/3 + 5*l. Let k(q) be the second derivative of j(q). Calculate k(1).
-3
Let q(h) = -h**3 + 2*h**3 - 2*h**3 + h**2 + 2*h - 3*h. Calculate q(2).
-6
Let n be 22/5 - 4/10. Suppose -4*c - n*k = -36, 2*c - 2*k = 2 + 4. Let r(o) = -c*o + 2*o**2 + 7 - o - o**2. Determine r(6).
1
Let g(w) be the third derivative of -1/6*w**4 + 0 - 1/15*w**5 - 2/3*w**3 + 0*w + 5*w**2 - 1/120*w**6. Let s be -3 - 0/(-1 - 1). What is g(s)?
-1
Let m(h) = 7*h - 5. Let f(r) = 8*r - 6. Let w(x) = -5*f(x) + 6*m(x). What is w(6)?
12
Suppose -2*y = -2*o - 2*o + 4, -y - o + 10 = 0. Let b be (9/(-6))/(y/8). Let u(w) = -2*w**2 + w. What is u(b)?
-10
Let a(z) be the first derivative of -1/4*z**4 + 1/3*z**3 - z - 3 + 1/2*z**2. Calculate a(1).
0
Let p = 1 - 1. Let o(t) = -6*t**3 - t**2 + 8*t + 2. Let b(u) = -5*u**3 - u**2 + 7*u + 1. Let a(i) = 7*b(i) - 6*o(i). Give a(p).
-5
Let p(g) = 2 - g - 3 - 5. Let s be (-7 - 6)/(0 - 1). Let r = s - 13. What is p(r)?
-6
Let n(v) = -4*v**3 + v**2 - 1. Let m = 20 - 5. Let o = m + -14. Give n(o).
-4
Let v(p) = 4*p**2 + 2*p - 1. Let y(q) be the first derivative of 3*q**3 + 5*q**2/2 - 3*q + 1. Let t(a) = 7*v(a) - 3*y(a). What is t(2)?
4
Let z(r) = 15*r - r - 8*r - 7*r - 2. Determine z(-3).
1
Let i(y) be the second derivative of 0 - 1/12*y**4 - 1/2*y**3 + 8*y + y**2. Give i(2).
-8
Let d(r) = r**2 + 2*r. Let x(s) = -s**3 + 3*s**2 + 4*s - 4. Let q be x(4). Give d(q).
8
Let k be 9/(-1) - 4/4. Let b be (-5)/(-2)*(-16)/k. Let a(c) = -2*c + 6. Determine a(b).
-2
Let q(x) = x**3 + 5*x**2 - 5*x + 5. Let u be -18 - (2*-3)/(-3). Let n = u + 14. Determine q(n).
-1
Let l(t) = -t**2 + 11*t - 1. Let a be l(11). Let m(x) = x**2 - x. Determine m(a).
2
Let w(k) = -3*k**2 + k**2 + 6 + 4*k + k**2. Suppose -u - d + 9 = 0, -4*u + 4*d = u. Suppose 3*v = -m + 15, u*v + 2*m = 2*v + 10. Give w(v).
1
Let y = 83 - 81. Let d(l) be the third derivative of -1/6*l**3 + 0*l - 5/24*l**4 + 0 - 3*l**y. Give d(-1).
4
Let j(b) be the second derivative of -b**5/20 + 5*b**4/12 - 2*b**3/3 + b**2 - 4*b. What is j(5)?
-18
Let a(t) = -5*t**3 - t - 1. Let b = -3 - -6. Suppose -b = -o, 2*g - 6 = -0*o + 2*o. Let x(f) = -f + 5. Let c be x(g). What is a(c)?
5
Suppose 0 = -p + 2 + 1. Let o be p/(-2) + 3/(-6). Let s(k) = -k**2 - 2*k + k**2 + 0*k + 2 - 3*k**2. What is s(o)?
-6
Let s be (28/6)/((-2)/6). Let a = -17 - s. Let x(w) be the second derivative of -w**3/6 - w**2 - w. Give x(a).
1
Let m(p) = -3*p**3 + 2*p**2 + 2*p + 1. Let b(y) = 4 - 12 - y - 2 + 3*y. Let f be b(7). Suppose -3*v - 3*q = -12, f*v - 4 = -5*q + 17. What is m(v)?
4
Let o(f) = f**3 - 10*f**2 + 8*f + 2. Let s = 136 + -127. Give o(s).
-7
Let g(u) = u**3 - 3*u**2 - 1. Let s be g(2). Let l(b) = -b - 2. Let d be l(s). Let a(h) be the first derivative of h**4/4 - 4*h**3/3 + h**2 + h + 2. Give a(d).
-2
Suppose 2*d = z + 14, -4*z + 0*d = -4*d + 36. Let q(n) = -n + 1. Let a(t) = 3*t - 4. Let y(m) = -a(m) - 5*q(m). Give y(z).
-9
Let g(s) = s - 7. Let v be g(9). Let j(x) be the first derivative of -1/2*x**2 - 3*x + v. What is j(3)?
-6
Let x(v) = -v**2 + 6*v - 2. Suppose 3*k - 9 = 6. Calculate x(k).
3
Let z(o) = 319 - 5*o + o**2 - 2*o**2 - 320 + 2*o**2. Calculate z(6).
5
Let u(d) be the first derivative of -5*d**3/3 + d - 11. What is u(1)?
-4
Let k(y) = -y**2 - 3*y + 5. Suppose -5*o + 14 = -11. Suppose -5*n + o*f = -15, -n + 1 = -4*f - 2. Suppose 22 = -4*c - 0*x + n*x, -3*x + 18 = -3*c. What is k(c)?
1
Suppose 13 + 2 = -b. Let x = b - -21. Let c(p) = -p**2 + 7*p - 7. Determine c(x).
-1
Let a(d) = d**2 - 3*d - 2. Let s be 3 + -1*(0 - -3). Suppose 0 = -2*x - s*x. Suppose x = 4*w - 2*z - 2*z - 12, 4*w = -4*z + 20. What is a(w)?
2
Let a(v) = 4*v**2 - 10*v + 6. Let l(q) = 5*q**2 - 11*q + 7. Let o(j) = 6*a(j) - 5*l(j). Give o(-4).
5
Let s(w) = -130*w - 134*w + 263*w + 1. Give s(-1).
2
Suppose 2 = g + 3*p, g - 6 = -p + 2*p. Suppose -4*m = -3 - g. Let q(v) = -m*v - 4*v - 2*v. Determine q(-1).
8
Let k(q) = -q**2 - q + 5. Let y(t) = -t + 1. Let l(w) = 2*k(w) - 6*y(w). Calculate l(4).
-12
Let s(z) = -z**3 - z**2 + z - 5. Suppose 3*p = -1 - 2. Let a be ((-1)/1 - p)/(-1). Suppose 4*x + 8 = t, a = t - 2*t - 5*x - 10. What is s(t)?
-5
Let v(l) = -l**2 + 4*l**2 - 259 + 260 - 4*l**2 + 5*l**3. Suppose 0*u - 1 = 3*u - 2*q, -3*q = 5*u - 11. Give v(u).
5
Let o(y) be the third derivative of y**4/24 - 5*y**3/6 - 3*y**2. Suppose -3*a + f + 19 = 0, a - 17 = -3*f + 6*f. Give o(a).
0
Let m be (-1 - -1 - -7) + -2. Suppose m*n - 5 - 5 = 0. Let k(t) = 2*t - 1 - n*t - 2*t - t**2 + 2*t**3. Determine k(2).
7
Let j(a) = 3*a**2 + 17*a + 12. Let q(w) = -w**2 - 6*w - 4. Let z(n) = -2*j(n) - 7*q(n). Give z(-5).
-11
Let z(q) = 2*q. Let r(m) be the third derivative of m**5/60 + m**4/24 + 2*m**2. Let a be r(-2). Determine z(a).
4
Let w(o) = -25*o + 14*o - 2 + 9*o. Let z(b) = -b + 11. Let m be z(9). What is w(m)?
-6
Let m(n) be the third derivative of n**5/60 + n**4/8 - n**3/2 - 53*n**2. Let o be -3 - (-2 - 0)/(-2). Calculate m(o).
1
Let f = -17 + 34. Let b = f - 17. Let z(n) be the third derivative of n**6/120 - n**5/60 + n**4/24 + n**3/2 + n**2. What is z(b)?
3
Let p(k) = k**2 - 5*k + 5. Let s = -4 + 4. Suppose s = 2*y - 3*y, 5*n - y - 20 = 0. Calculate p(n).
1
Let u = 1/38 + 8/57. Let w(s) be the third derivative of 0*s**4 + 0 + 1/10*s**5 + u*s**3 + s**2 + 0*s. Determine w(-1).
7
Suppose 0*y + 9*y = 18. Let i be 26/8 - 1/4. Suppose 0 = y*w, z + i*w - 1 = 1. Let m(n) = -n**3 + 3*n**2 - 2*n + 3. Determine m(z).
3
Let r(w) = -2*w - 5. Let q(y) = -y - 1. Let g(u) = 3*q(u) - r(u). Calculate g(3).
-1
Suppose 0 = r + 4*r. Suppose r*z - 2 = -2*z + y, 3*z - y = 3. Let g(t) = 5*t**3 - 1 + 251*t - 251*t. What is g(z)?
4
Let z(c) be the first derivative of c**5/120 - 4*c**3/3 + 5. Let i(j) be the third derivative of z(j). Determine i(-4).
-4
Let m = -31 + 27. Let z(s) = -3*s - 23. Let k(r) = r + 8. Let a(c) = -17*k(c) - 6*z(c). Calculate a(m).
-2
Let f(g) = -3*g + 2*g - g**2 + 3*g - g. Let j be ((-1 + 0)*0)/(-1). Suppose j*p - 20 = -5*p. Give f(p).
-12
Let d(u) be the first derivative of 1/3*u**3 + 1 - 8*u + 1/2*u**2. What is d(0)?
-8
Let m(z) = 7*z**2 - 7*z - 3. Let w(d) = 4*d**2 - 3*d - 2. Let b(l) = -3*m(l) + 5*w